t is the units digit of 6846588?
8
What is the ten thousands digit of 524396?
2
What is the hundreds digit of 3002?
0
What is the units digit of 5757963?
3
What is the tens digit of 11578104?
0
What is the hundred thousands digit of 177431?
1
What is the ten millions digit of 12882592?
1
What is the hundreds digit of 34306795?
7
What is the units digit of 449399?
9
What is the millions digit of 9104167?
9
What is the hundreds digit of 23946492?
4
What is the units digit of 12788021?
1
What is the tens digit of 912164?
6
What is the millions digit of 6046866?
6
What is the hundred thousands digit of 220620?
2
What is the units digit of 1368647?
7
What is the thousands digit of 679445?
9
What is the ten thousands digit of 2325024?
2
What is the thousands digit of 837122?
7
What is the ten thousands digit of 215790?
1
What is the ten thousands digit of 73632?
7
What is the ten thousands digit of 102499?
0
What is the tens digit of 1160664?
6
What is the hundreds digit of 1469760?
7
What is the thousands digit of 12732949?
2
What is the tens digit of 274277?
7
What is the hundreds digit of 3534027?
0
What is the hundred thousands digit of 29282811?
2
What is the units digit of 156421?
1
What is the hundreds digit of 16710700?
7
What is the hundreds digit of 24888853?
8
What is the thousands digit of 730817?
0
What is the tens digit of 568086?
8
What is the millions digit of 6711883?
6
What is the thousands digit of 937416?
7
What is the ten thousands digit of 2507911?
0
What is the tens digit of 908677?
7
What is the ten thousands digit of 561211?
6
What is the units digit of 3558914?
4
What is the millions digit of 2893162?
2
What is the tens digit of 166827?
2
What is the tens digit of 78944?
4
What is the tens digit of 138945?
4
What is the ten thousands digit of 1995252?
9
What is the units digit of 176826?
6
What is the tens digit of 10852916?
1
What is the ten thousands digit of 109511?
0
What is the thousands digit of 3745721?
5
What is the ten thousands digit of 831957?
3
What is the hundreds digit of 217680?
6
What is the ten thousands digit of 1254319?
5
What is the hundred thousands digit of 7833642?
8
What is the ten thousands digit of 6044494?
4
What is the tens digit of 3633144?
4
What is the units digit of 109017?
7
What is the hundred thousands digit of 199318?
1
What is the hundred thousands digit of 7048692?
0
What is the ten thousands digit of 1512353?
1
What is the ten thousands digit of 78828?
7
What is the units digit of 501597?
7
What is the millions digit of 1753376?
1
What is the units digit of 3873178?
8
What is the thousands digit of 303394?
3
What is the thousands digit of 3996?
3
What is the hundreds digit of 10148678?
6
What is the tens digit of 412959?
5
What is the units digit of 2247642?
2
What is the hundreds digit of 104383?
3
What is the units digit of 115733?
3
What is the ten thousands digit of 54405?
5
What is the ten thousands digit of 405627?
0
What is the thousands digit of 506734?
6
What is the hundred thousands digit of 2474226?
4
What is the thousands digit of 492707?
2
What is the tens digit of 2270002?
0
What is the units digit of 5828391?
1
What is the ten thousands digit of 220867?
2
What is the units digit of 12210009?
9
What is the thousands digit of 423732?
3
What is the hundred thousands digit of 627752?
6
What is the ten thousands digit of 11656834?
5
What is the ten thousands digit of 5905856?
0
What is the ten thousands digit of 2645479?
4
What is the units digit of 2959753?
3
What is the hundreds digit of 16220?
2
What is the millions digit of 19159042?
9
What is the ten thousands digit of 129713?
2
What is the hundred thousands digit of 9524227?
5
What is the ten thousands digit of 431656?
3
What is the hundred thousands digit of 204507?
2
What is the thousands digit of 6976231?
6
What is the tens digit of 601924?
2
What is the hundred thousands digit of 273507?
2
What is the units digit of 122535?
5
What is the hundreds digit of 26217455?
4
What is the ten thousands digit of 2395915?
9
What is the units digit of 3899288?
8
What is the thousands digit of 601812?
1
What is the tens digit of 186494?
9
What is the units digit of 147568?
8
What is the units digit of 3705617?
7
What is the millions digit of 2549591?
2
What is the hundreds digit of 422215?
2
What is the hundreds digit of 582645?
6
What is the hundred thousands digit of 2173752?
1
What is the ten thousands digit of 449618?
4
What is the hundred thousands digit of 942174?
9
What is the millions digit of 1086828?
1
What is the hundred thousands digit of 11233906?
2
What is the hundreds digit of 237726?
7
What is the hundred thousands digit of 1826421?
8
What is the hundreds digit of 848338?
3
What is the hundreds digit of 114050?
0
What is the millions digit of 3322492?
3
What is the tens digit of 2037172?
7
What is the tens digit of 571817?
1
What is the ten thousands digit of 482326?
8
What is the hundred thousands digit of 1241939?
2
What is the ten thousands digit of 10686155?
8
What is the ten thousands digit of 423555?
2
What is the ten thousands digit of 28440216?
4
What is the ten thousands digit of 8743825?
4
What is the hundred thousands digit of 464545?
4
What is the hundred thousands digit of 180188?
1
What is the ten thousands digit of 5301349?
0
What is the thousands digit of 379722?
9
What is the units digit of 766124?
4
What is the thousands digit of 9141004?
1
What is the ten thousands digit of 1598459?
9
What is the tens digit of 4615505?
0
What is the hundred thousands digit of 9056246?
0
What is the units digit of 104212?
2
What is the tens digit of 204894?
9
What is the ten thousands digit of 1064542?
6
What is the tens digit of 820985?
8
What is the hundreds digit of 19514882?
8
What is the units digit of 41712320?
0
What is the thousands digit of 6356795?
6
What is the ten thousands digit of 17716914?
1
What is the hundred thousands digit of 1600722?
6
What is the tens digit of 282926?
2
What is the thousands digit of 82310?
2
What is the millions digit of 5434215?
5
What is the hundreds digit of 348643?
6
What is the hundred thousands digit of 2564378?
5
What is the thousands digit of 54711?
4
What is the tens digit of 3191863?
6
What is the tens digit of 8975725?
2
What is the units digit of 1026?
6
What is the hundreds digit of 3591366?
3
What is the tens digit of 9596475?
7
What is the units digit of 7993432?
2
What is the units digit of 208479?
9
What is the tens digit of 1219072?
7
What is the ten thousands digit of 11864349?
6
What is the thousands digit of 1366648?
6
What is the tens digit of 358986?
8
What is the millions digit of 3057909?
3
What is the units digit of 3695080?
0
What is the units digit of 544574?
4
What is the ten millions digit of 15605557?
1
What is the hundreds digit of 304645?
6
What is the hundreds digit of 1171075?
0
What is the hundred thousands digit of 1737363?
7
What is the units digit of 299966?
6
What is the ten thousands digit of 1310723?
1
What is the hundred thousands digit of 989632?
9
What is the hundreds digit of 6050952?
9
What is the hundred thousands digit of 11303074?
3
What is the thousands digit of 42023?
2
What is the thousands digit of 832547?
2
What is the hundreds digit of 203212?
2
What is the units digit of 324167?
7
What is the hundreds digit of 155394?
3
What is the ten thousands digit of 714992?
1
What is the tens digit of 2513878?
7
What is the units digit of 517620?
0
What is the thousands digit of 847954?
7
What is the ten thousands digit of 5098946?
9
What is the units digit of 64632?
2
What is the hundreds digit of 1205590?
5
What is the hundred thousands digit of 100067?
1
What is the hundred thousands digit of 2332103?
3
What is the tens digit of 342494?
9
What is the ten thousands digit of 1631146?
3
What is the hundred thousands digit of 236794?
2
What is the thousands digit of 3746859?
6
What is the tens digit of 886626?
2
What is the tens digit of 85155?
5
What is the units digit of 10014653?
3
What is the thousands digit of 15781083?
1
What is the tens digit of 1810091?
9
What is the hundreds digit of 4660?
6
What is the hundred thousands digit of 4242139?
2
What is the tens digit of 488286?
8
What is the hundreds digit of 26937?
9
Wha